e factors of 314407488.
2, 3, 1637539
What are the prime factors of 197720909?
463, 427043
List the prime factors of 120415550.
2, 5, 2408311
List the prime factors of 5407567.
11, 593, 829
What are the prime factors of 50530274?
2, 71, 355847
What are the prime factors of 124662211?
19, 89, 73721
List the prime factors of 3488850469.
13, 71, 83, 45541
What are the prime factors of 1045337589?
3, 73, 530359
List the prime factors of 2415455759.
383, 6306673
What are the prime factors of 264591254?
2, 1093, 121039
List the prime factors of 3866142851.
61, 63379391
List the prime factors of 1101241017.
3, 41, 239, 12487
What are the prime factors of 294664942?
2, 11, 13, 1030297
What are the prime factors of 259497474?
2, 3, 71, 609149
List the prime factors of 2577898057.
7, 368271151
What are the prime factors of 1390089906?
2, 3, 77227217
What are the prime factors of 14788740?
2, 3, 5, 103, 2393
List the prime factors of 418203368.
2, 11, 47, 101113
List the prime factors of 1082540326.
2, 7, 77324309
List the prime factors of 320721501.
3, 19, 5626693
List the prime factors of 1553265697.
1553265697
List the prime factors of 766072.
2, 31, 3089
What are the prime factors of 80231706?
2, 3, 4457317
What are the prime factors of 1167724273?
1167724273
What are the prime factors of 1041008015?
5, 208201603
What are the prime factors of 364513?
364513
List the prime factors of 118669079.
19, 6245741
What are the prime factors of 70524234?
2, 3, 11, 59, 6037
List the prime factors of 855412584.
2, 3, 13, 67, 151, 271
What are the prime factors of 1038988969?
1038988969
What are the prime factors of 1781177669?
17, 37, 317, 8933
List the prime factors of 152954294.
2, 19, 29, 138797
List the prime factors of 80610222.
2, 3, 7, 11, 174481
What are the prime factors of 2756487575?
5, 110259503
List the prime factors of 2939010008.
2, 11, 33397841
List the prime factors of 602566001.
602566001
What are the prime factors of 19089395?
5, 13, 19, 29, 41
List the prime factors of 119222403.
3, 39740801
List the prime factors of 112193688.
2, 3, 1069, 4373
List the prime factors of 532379782.
2, 11, 24199081
What are the prime factors of 576816853?
47, 12272699
List the prime factors of 38463736.
2, 4807967
List the prime factors of 107687877.
3, 11, 17, 19, 10103
What are the prime factors of 361609446?
2, 3, 11, 43, 47, 2711
What are the prime factors of 6909328214?
2, 4129, 836683
List the prime factors of 37717172.
2, 593, 15901
List the prime factors of 55521050.
2, 5, 13, 229, 373
What are the prime factors of 637837072?
2, 83, 480299
What are the prime factors of 69302910?
2, 3, 5, 23, 47, 2137
What are the prime factors of 32615943?
3, 967, 11243
What are the prime factors of 34704299?
7, 708251
List the prime factors of 19296904.
2, 11, 17, 12899
List the prime factors of 4228984726.
2, 43, 1143587
What are the prime factors of 53546564?
2, 101, 132541
What are the prime factors of 219436531?
89, 2465579
List the prime factors of 202382472.
2, 3, 509, 16567
List the prime factors of 34956779.
11, 13, 71, 313
List the prime factors of 541394383.
71, 7625273
List the prime factors of 1843231714.
2, 921615857
What are the prime factors of 708108624?
2, 3, 113, 43517
What are the prime factors of 218845248?
2, 3, 1139819
What are the prime factors of 174423174?
2, 3, 31, 683, 1373
What are the prime factors of 196867798?
2, 98433899
List the prime factors of 264394765.
5, 52878953
What are the prime factors of 11209898?
2, 7, 800707
List the prime factors of 2218126942.
2, 31, 149, 240109
What are the prime factors of 45386720?
2, 5, 331, 857
What are the prime factors of 342359158?
2, 17, 1531, 6577
What are the prime factors of 179147477?
89, 2012893
List the prime factors of 64778785.
5, 601, 21557
List the prime factors of 5438058.
2, 3, 906343
What are the prime factors of 3311991240?
2, 3, 5, 3911, 7057
List the prime factors of 1001518275.
3, 5, 41, 325697
What are the prime factors of 9108700?
2, 5, 79, 1153
List the prime factors of 518302850.
2, 5, 13, 797389
List the prime factors of 112862781.
3, 809, 5167
What are the prime factors of 33934543?
89, 381287
What are the prime factors of 5066474276?
2, 17509, 72341
List the prime factors of 24413245.
5, 41, 119089
What are the prime factors of 42860250?
2, 3, 5, 43, 443
What are the prime factors of 837061093?
11, 19, 61, 65657
What are the prime factors of 217559657?
7, 4439993
List the prime factors of 27261664.
2, 881, 967
List the prime factors of 2451431766.
2, 3, 7, 61, 956843
List the prime factors of 353786849.
13, 31, 877883
What are the prime factors of 1017019115?
5, 7, 293, 99173
What are the prime factors of 14710486?
2, 7, 150107
List the prime factors of 3084049.
3084049
What are the prime factors of 444354806?
2, 7, 17, 31, 229, 263
What are the prime factors of 24993703?
7, 821, 4349
List the prime factors of 925074878.
2, 7, 13, 163, 31183
What are the prime factors of 160659966?
2, 3, 557, 48073
List the prime factors of 444760378.
2, 769, 289181
What are the prime factors of 139455058?
2, 69727529
What are the prime factors of 117007612?
2, 73, 400711
List the prime factors of 17373508.
2, 4343377
What are the prime factors of 97969511?
29, 3378259
List the prime factors of 9129081.
3, 13, 149, 1571
What are the prime factors of 192704431?
12941, 14891
What are the prime factors of 241284899?
241284899
List the prime factors of 527128182.
2, 3, 7, 73, 2729
List the prime factors of 197914522.
2, 13, 7612097
What are the prime factors of 979524117?
3, 11, 13, 107, 2371
What are the prime factors of 1536202?
2, 768101
What are the prime factors of 44332245?
3, 5, 541, 607
What are the prime factors of 477194080?
2, 5, 11, 17, 41, 389
List the prime factors of 171677215.
5, 34335443
List the prime factors of 79128066.
2, 3, 29, 454759
List the prime factors of 1980266953.
7, 282895279
List the prime factors of 127321160.
2, 5, 17, 187237
What are the prime factors of 7394352562?
2, 31, 119263751
List the prime factors of 93507926.
2, 23, 587, 3463
List the prime factors of 80319359.
631, 127289
List the prime factors of 150145714.
2, 19, 53, 74551
What are the prime factors of 126408879?
3, 14045431
List the prime factors of 249058073.
11, 97, 233419
List the prime factors of 76243056.
2, 3, 397, 4001
What are the prime factors of 53082623?
11, 4825693
List the prime factors of 13961506.
2, 13, 23, 37, 631
List the prime factors of 53869799.
409, 131711
List the prime factors of 5765585.
5, 7, 101, 233
What are the prime factors of 4823134164?
2, 3, 769, 174221
What are the prime factors of 24540472?
2, 11, 37, 7537
List the prime factors of 88456082.
2, 11, 13, 31, 907
List the prime factors of 2143616492.
2, 67, 7998569
List the prime factors of 836844875.
5, 1361, 4919
List the prime factors of 4530135461.
4530135461
What are the prime factors of 28481033?
7, 31, 131249
What are the prime factors of 53047238?
2, 1487, 17837
List the prime factors of 49799969.
19, 101, 25951
List the prime factors of 945060043.
281, 3363203
List the prime factors of 1052936922.
2, 3, 17, 10322911
List the prime factors of 585293591.
349, 587, 2857
List the prime factors of 24719068.
2, 11, 561797
List the prime factors of 2809691749.
2809691749
What are the prime factors of 20687915?
5, 107, 38669
List the prime factors of 704683042.
2, 7, 1483, 33941
What are the prime factors of 81909173?
81909173
What are the prime factors of 64267251?
3, 173, 123829
What are the prime factors of 2369560753?
7, 13121, 25799
List the prime factors of 148109765.
5, 23, 59, 83, 263
List the prime factors of 356346244.
2, 401, 222161
List the prime factors of 1413853818.
2, 3, 13, 18126331
List the prime factors of 679495770.
2, 3, 5, 1483, 1697
What are the prime factors of 2431670289?
3, 8971, 90353
List the prime factors of 338539867.
338539867
List the prime factors of 42164195.
5, 41, 89, 2311
What are the prime factors of 10698393?
3, 3566131
List the prime factors of 1222226023.
43, 47, 619, 977
List the prime factors of 4095131129.
127, 32245127
List the prime factors of 1692595859.
89, 863, 22037
What are the prime factors of 14296620?
2, 3, 5, 13, 18329
List the prime factors of 41087682.
2